{"id":54,"date":"2015-07-15T10:59:22","date_gmt":"2015-07-15T08:59:22","guid":{"rendered":"http:\/\/192.168.29.158:8080\/intern\/wordpress\/?page_id=54"},"modified":"2015-08-31T19:57:51","modified_gmt":"2015-08-31T17:57:51","slug":"produkte","status":"publish","type":"page","link":"https:\/\/www.polk.at\/extHTML\/wordpress\/produkte\/","title":{"rendered":"Produkte"},"content":{"rendered":"<p><a href=\"#1\">Anticept Email Produkte<\/a><\/p>\n<p><a href=\"#8\">Internet Anwendungen auf Basis Open Source<\/a><\/p>\n<p><a href=\"#4\">Rechtskonforme Newsletter L\u00f6sung<\/a><\/p>\n<p><a href=\"#5\">Virtuelle Server und Systeme<\/a><\/p>\n<p><a href=\"#3\">Content Management System Pollux<\/a><\/p>\n<p><a href=\"#2\">Microsoft Authorized Educational Reseller und Partner Produkte<\/a><\/p>\n<p><a href=\"#6\">PROUD Server<\/a><\/p>\n<p><a href=\"#7\">emSec Email Client Verschl\u00fcsselung f\u00fcr Outlook<\/a><\/p>\n<p>&nbsp;<\/p>\n<p><a name=\"1\"><\/a><strong><span style=\"color: #000066;\">Anticept Email Produkte<\/span><\/strong><\/p>\n<p>Anticept Email Security Produkte l\u00f6sen als Gesamtkonzept auch\u00a0die problematischen Aufgaben des E-Mail Verkehrs. Die\u00a0eingesetzten\u00a0hochwertigen Verfahren erm\u00f6glichen es, erhebliche Zeit und damit Kosten zu sparen.<\/p>\n<p>Anticept Email Security l\u00f6st folgende Aufgaben:<\/p>\n<ul>\n<li>Beseitigung von virenbehafteten Mails.<\/li>\n<li>Individuell einstellbare Behandlung von Spam Mails.<\/li>\n<li>Erkennung und Zur\u00fcckhalten von Spam Mails.<\/li>\n<li>Schnellste Verwaltung von spamverd\u00e4chtigen Mails.<\/li>\n<li>Sicherer Mailempfang und Mailversand von und zum Mailserver.<\/li>\n<li>Verschl\u00fcsselung von Email Nachrichten auf der gesamten Wegstrecke zum Empf\u00e4nger.<\/li>\n<\/ul>\n<p>Der Einsatz unserer Produkte ist in unterschiedlichen Varianten m\u00f6glich:<\/p>\n<ul>\n<li>Vollwertiger Mailserver in Ihrem Unternehmen.<\/li>\n<li>Ihr eigener Mail Server im Internet auf Wunsch auch durch uns verwaltet.<\/li>\n<li>Vorgeschalteter Email Proxy Server vor Ihrem Mailserver (z.B. Exchange)<\/li>\n<li>Betrieb Ihrer Mail Domain auf unseren Servern.<\/li>\n<\/ul>\n<p>Und was Viele nicht wissen:<\/p>\n<p>Auch ein getrennter Betrieb von Emailsystem und WWW-Internetpr\u00e4senz ist m\u00f6glich. Das bedeutet, dass der Kunde seinen Internetdienstleister NICHT wechseln muss um Anticept Email Security einzusetzen. Ganz im Gegenteil: Webagenturen, die auch das Hosting f\u00fcr ihre Kunden betreuen, k\u00f6nnen sich mit Anticept Email Security von ihrer Konkurrenz abheben. Hierzu bieten wir attraktive Partnerprogramme.<\/p>\n<p><strong><span style=\"color: #000066;\">\u00dcbersicht<\/span><\/strong><\/p>\n<p>Kernkomponenten sind der Email Server,\u00a0Anticept Antispam und Anticept Verschl\u00fcsselung.\u00a0Sie \u00fcbernehmen den E-Mail Transport und erh\u00f6hen die eignene Sicherheit.<\/p>\n<p>Zielgruppen\u00a0sind Unternehmen jeglicher Gr\u00f6\u00dfe, die den E-Mail Service\u00a0eigenst\u00e4ndig, gemanaged In-House oder im Rechenzentrum\u00a0realisieren. Wir betreiben auch\u00a0eigene Mail-Server in Rechenzentren, dadurch k\u00f6nnen auch individuelle Email Konten mit Anticept\u00a0Email Security genutzt werden&#8230;<\/p>\n<p><strong><span style=\"color: #000066;\">Anticept Anti Spam<\/span><\/strong><\/p>\n<p>Anticept Anti Spam ist ein\u00a0E-Mail Service mit\u00a0der Spezialisierung auf die\u00a0Bearbeitung von Spam. Ziel ist die Minimierung\u00a0des unn\u00f6tigen Zeitaufwand\u00a0f\u00fcr die\u00a0Behandlung von ungewollten Nachrichten.\u00a0E-Mails\u00a0werden gepr\u00fcft und\u00a0gestaffelt klassifiziert und bei Verdacht nicht zum Empf\u00e4nger weitergeleitet. Sie werden zun\u00e4chst au\u00dferhalb des Arbeitsbereichs, und somit weg vom Sichtfelds\u00a0des Empf\u00e4ngers, gespeichert.<\/p>\n<p>Nicht umsonst steht in der realen Welt gleich neben dem Briefkasten oft ein M\u00fclleimer.\u00a0Unerw\u00fcnschte Zusendungen sollen erst gar nicht ins Haus, sondern gleich in den M\u00fcll.<\/p>\n<p>Bei E-Mail,\u00a0dem modernen Vertreter der Post,\u00a0sieht dies\u00a0meist anders aus und bereitet\u00a0deshalb gro\u00dfe Probleme. Alle, auch ungew\u00fcnschte,\u00a0Nachrichten wandern\u00a0\u00fcblicherweise ins E-Mail Programm. Dort sind\u00a0sie im\u00a0Sichtfeld des Betrachters und machen die Unterscheidung zwischen sinnvollen und sinnlosen Nachrichten schwer,\u00a0kosten Zeit und\u00a0Nerven und verursachen\u00a0nicht zu untersch\u00e4tzende\u00a0Kosten. Studien belegen dies eindeutig.<\/p>\n<p>Warum kann\u00a0es bei\u00a0E-Mails nicht so einfach sein wie bei der Post?<\/p>\n<p><img loading=\"lazy\" class=\"umfluss alignleft\" src=\"http:\/\/www.anticept.net\/grafiken\/no_spam.jpg\" alt=\"\" width=\"200\" height=\"125\" border=\"0\" \/>Anticept Anti Spam\u00a0setzt\u00a0das Prinzip &#8220;Post&#8221; in der modernen Kommunikation um. Ins E-Mail Programm des Empf\u00e4ngers kommt, was sinnvoll ist! Alles andere bleibt\u00a0drau\u00dfen, ist aber bei Bedarf\u00a0verf\u00fcgbar. Der Aufwand f\u00fcr eine im Zweifelsfall notwendige Pr\u00fcfung von vielleicht doch gewollten Nachrichten\u00a0wird durch\u00a0ein\u00a0mehrstufiges Verfahren, dem Produktvorteil von\u00a0Anticept Anti Spam gegen\u00fcber Mitbewerbern,\u00a0auf ein zeitliches Minimum reduziert.\u00a0Dieser\u00a0Gewinn\u00a0spart\u00a0immense Kosten ein und die Ersparnis\u00a0ist nachweislich bedeutend h\u00f6her\u00a0als die Produktkosten.<\/p>\n<p>Anticept Anti Spam ist verf\u00fcgbar als gehostete L\u00f6sung auf\u00a0E-Mail Servern in leistungsf\u00e4higen Rechenzentren und auch als\u00a0fertig konfiguriertes Komplettsystem (managed oder unmanaged Appliance) inkl. Hardware in Kombination mit einem E-Mailserver f\u00fcr den Einsatz im Unternehmen oder dezentral im Rechenzentrum.<\/p>\n<p><strong><span style=\"color: #000066;\">Anticept Verschl\u00fcsselung<\/span><\/strong><\/p>\n<p>Eine\u00a0normale E-Mail ist vergleichbar mit einer Postkarte. Jeder, der sie in die H\u00e4nde bekommt, kann sie problemlos lesen. Eine E-Mail kann so nicht nur auf dem PC des Senders und des des Empf\u00e4ngers gelesen werden, sondern auch auf dem Weg, den sie zur\u00fccklegt.\u00a0An jedem Punkt, der sich auf der\u00a0Wegstrecke befindet, kann die Mail unbemerkt\u00a0gelesen oder gar ver\u00e4ndert werden. Automatisch kann z. B. nach bestimmten W\u00f6rtern oder Mustern in E-Mails gesucht werden, die dann entsprechend ausgewertet und u.U. missbraucht werden k\u00f6nnen. <a href=\"http:\/\/www.anticept.net\/extdocs\/basics_crypt.pdf\" target=\"_blank\">Verschaffen Sie sich hier einen kurzen \u00dcberblick!<\/a><\/p>\n<p>Anticept Verschl\u00fcsselung\u00a0ist ein Security Add-On f\u00fcr den Anticept Email Server\u00a0zur sicheren,\u00a0nicht lesbaren \u00dcbertragung von Emails. Diese werden dazu verschl\u00fcsselt.\u00a0Die Verschl\u00fcsselung\u00a0findet im Hintergrund unmerklich f\u00fcr den Anwender statt und bietet so ein h\u00f6chstes Mass an Komfort. Eingehende Mails werden entschl\u00fcsselt, ohne dass der Anwender etwas davon merkt bzw. aktiv werden muss. Basis der Verschl\u00fcsselung ist ein\u00a0asymmetrisches Verfahren mit privaten und \u00f6ffentlichen Schl\u00fcsseln auf der Basis von GNUPG.<\/p>\n<p>Anticept Verschl\u00fcsselung befindet sich im Moment in der abschliessenden Erprobungsphase. Falls Sie aktiv an der Erprobung teilnehmen m\u00f6chten, sprechen Sie uns an.<\/p>\n<p><a name=\"3\"><\/a><strong><span style=\"color: #000066;\">Pollux Content Management System<\/span><\/strong><\/p>\n<p>Das Pollux CMS System wurde von uns ca. 2003 entwickelt. Zu\u00a0diesem Zeitpunkt gab es kein Content Management System, \u00fcber das\u00a0sich eine Website auf einfachste Art und Weise, aber dennoch mit hohem Komfort, pflegen\u00a0lie\u00df. Diese Aussage\u00a0ist immer noch aktuell und wir sind \u00fcberzeugt, dass wir mit Pollux CMS eines der effektivsten CMS Systeme am Markt haben.<\/p>\n<p><a name=\"2\"><\/a><strong><span style=\"color: #000066;\">Partner Produkte<\/span><\/strong><\/p>\n<p>Im Zusammenhang mit Dienstleistungen bieten wir durch Partnerschaften mit\u00a0namhaften Herstellern auch weitere Produkte an.<\/p>\n<p>Wir sind Partner f\u00fcr\u00a0Avira Sicherheitsl\u00f6sungen, Microsoft Server- und\u00a0Clientprodukte insbesondere auch\u00a0Dynamics CRM 4.0 Platform- und Implementierungsanbieter. Im Bereich Linux setzen wir auf Debian Produkte.<\/p>\n<p>Au\u00dferdem haben wir die Qualifizierung, Microsoft Produkte\u00a0an Institutionen aus Lehre und Bildung mit den entsprechenden Leistungen und Kostenvorteilen zu vertreiben.<\/p>\n<p><img loading=\"lazy\" class=\" aligncenter\" src=\"http:\/\/www.anticept.net\/grafiken\/ms_aer_schild.jpg\" alt=\"\" width=\"223\" height=\"43\" border=\"0\" \/><\/p>\n<p>Da wir uns nicht auf einen Hersteller fixieren, k\u00f6nnen wir das f\u00fcr den Anwendungsfall beste Produkt f\u00fcr Sie einsetzen.<\/p>\n<p><a name=\"4\"><\/a><strong><span style=\"color: #000099;\">Rechtskonforme Newsletterl\u00f6sung<\/span><\/strong><\/p>\n<p>Die Informationsverteilung per Email stellt die g\u00fcnstigste Alternative f\u00fcr die schnelle Verbreitung von Information an Gruppen dar. Im Gegensatz\u00a0zu komplizierten L\u00f6sungen\u00a0innerhalb Bulletin Boards oder integrierten CMS Systemen hat dieses System den Vorteil:<\/p>\n<ul>\n<ul>\n<li>\n<div>Schnell zu lernen<\/div>\n<\/li>\n<li>\n<div>Einfach zu bedienen<\/div>\n<\/li>\n<li>\n<div>Effektiv f\u00fcr Sender und Empf\u00e4nger<\/div>\n<\/li>\n<li>\n<div>Umsetzung der rechtlichen Rahmensituation<\/div>\n<\/li>\n<\/ul>\n<\/ul>\n<p>Das Programm ist eine PHP\/MySQL\u00a0L\u00f6sung\u00a0und wurde im Kundenauftrag entwickelt. Die Forderung war eine zielgerichtete Umsetzung der bisherigen Informationsverteilung per Brief bei einfachster\u00a0Handhabung\u00a0und\u00a0minimalster Einarbeitungszeit.\u00a0Das Programm kann auf jedem entsprechend ausger\u00fcstetem Webserver eingerichtet werden. <a class=\"undefined\" href=\"http:\/\/www.anticept.net\/extdocs\/iit-newsletter.pdf\" target=\"_blank\">Hier finden Sie detaillierte Information zum Programm<\/a>.<\/p>\n<p><a name=\"5\"><\/a><strong><span style=\"color: #000066;\">Virtuelle Plattformen<\/span><\/strong><\/p>\n<p>Virtuelle Plattformen erlauben den Betrieb von Servern\/Clients mit unterschiedlichen Betriebssystemen auf einem Server, der f\u00fcr sich allein nur wenig ausgelastet ist. Die Systeme beinflussen sich gegenseitig nicht. Vorteil ist nicht nur die Erh\u00f6hung der Auslastung, sondern auch die einheitliche Hardware. Dadurch wird ein Transfer eines Systems bei Ausfall erheblich vereinfacht.<\/p>\n<p>Warum bei uns und nicht beim Standardanbieter?<\/p>\n<p>Im Gegensatz zu den Standardanbietern k\u00f6nnen wir individuell auf Sie eingehen und k\u00f6nnen Ihnen L\u00f6sungen anbeiten, die Sie dort so gar nicht bekommen k\u00f6nnen. Dies kann\u00a0z.B. ein Small Business Server oder auch ein ganz gew\u00f6hnlicher Windows Client sein,\u00a0der \u00fcber eine leistungsf\u00e4hige\u00a0Internetanbindung verf\u00fcgen muss.<\/p>\n<p><a name=\"6\"><\/a><strong><span style=\"color: #000066;\">PROUD Server<\/span><\/strong><\/p>\n<p>Der PROUD Server ist ein vollst\u00e4ndiger Groupware- und Email Transport Server mit Zusatzfunktionen, der zu Microsoft Exchange kompatibel ist. Daher l\u00e4sst sich auch Outlook ohne Zusatzsoftware benutzen. Ziel des Servers ist es, dass s\u00e4mtliche Daten zentral an einem lokalen Ort gespeichert werden und somit unter der eigenen Hoheit sind.<\/p>\n<p>Der PROUD Server dient der zentralen Ablage von Emails, Terminen, Kontakten und weiteren Elementen f\u00fcr mehrere Benutzer und erm\u00f6glicht so die Zusammenarbeit\/gemeinsames Nutzen von Daten in einer Gruppe oder im Unternehmen.<\/p>\n<p>Viele Ger\u00e4te (Desktop\/Laptop, Tablet, Smartphone) mit unterschiedlichen Betriebssystemen werden unterst\u00fctzt, die innerhalb des lokalen Netzwerks und auch au\u00dferhalb des Unternehmens die Daten austauschen bzw. zug\u00e4nglich machen.<\/p>\n<p>Das Einsatzgebiet ist typischerweise in kleineren Firmen, B\u00fcros, Kanzleien, Praxen und im privaten Bereich. Besonderer Wert wurde auf die Einfachheit der Einrichtung und der Wartbarkeit gelegt, so dass auch Nicht-Fachleute mit dem Server umgehen k\u00f6nnen. Ausgeliefert wird der Server als Appliance oder als virtuelle Maschine, so dass im zweiten Fall nicht einmal Hardware notwendig ist und der Server auf bestehende Ger\u00e4te (z.B. NAS Ger\u00e4te) installiert werden kann, ohne deren Funktionalit\u00e4t zu beieintr\u00e4chtigen.<\/p>\n<p><a name=\"7\"><\/a><span style=\"color: #000066;\"><strong>emSec Mail Security<\/strong><\/span><\/p>\n<p>emSec ist ein VSTO AddOn f\u00fcr Outlook und\u00a0integriert sich nahtlos ohne notwendige Zusatzsoftware. Die Mailverschl\u00fcsselung basiert auf dem asymetrischen Verschl\u00fcsselungsverfahren und verschl\u00fcsselt E-Mails sicher bei einfachster Handhabung. <a href=\"http:\/\/emsec.polk.at\/\" target=\"_blank\">\u00dcberzeugen Sie sich!<\/a><\/p>\n<p>Warum emSec und was ist der Unterschied zu anderen Programmen?<\/p>\n<p>Programme f\u00fcr Outlook (die ebenfalls auf GNUPG oder PGP basieren) sind nur mit zus\u00e4tzlicher Software zu benutzen und in der Regel f\u00fcr einen Normalanwender\u00a0umst\u00e4ndlich zu bedienen. emSec beinhaltet alles in einem Programm und &#8220;st\u00f6rt&#8221; den Anwender nur so gering wie m\u00f6glich.<br \/>\nGro\u00dfe Mailprovider suggerieren in Ihren Werbebotschaften die sichere Anmeldung am Mailserver als Verschl\u00fcsselung von E-Mails. Dem ist nicht so, sondern es ist lediglich\u00a0eine &#8220;First-Hop&#8221; Transportverschl\u00fcsselung. Auf dem Mailserver selbst und danach\u00a0auf dem Weg zum empfangenden Mailserver sind\u00a0liegen\u00a0Daten wie herk\u00f6mmlich im Klartext vor.<\/p>\n<p><a name=\"8\"><\/a><span style=\"color: #000066;\"><strong>Internet Anwendungen auf Basis Open Source<\/strong><\/span><\/p>\n<p>Das Internet lebt von Open Source Anwendungen. Open Source bedeutet kostenfreier Einsatz von Software. F\u00fcr Sie bedeutet dies, dass Ihre Anforderung kosteng\u00fcnstiger zu realisieren ist als durch kommerzielle Software. Wichtig ist allerdings zu wissen, welche Software gut genug f\u00fcr die entsprechende Anforderung ist. Wir haben bereits viele Projekte mit Open Source Software realisiert, diese auch angepasst und erweitert. Insbesondere im Systemumfeld Apache, OpenVPN, PHP L\u00f6sungen, MySQL Serveranwendungen, WordPress und Shopsystemen besitzen wir ausgezeichnete Kenntnisse.  <\/p>\n","protected":false},"excerpt":{"rendered":"<p>Anticept Email Produkte Internet Anwendungen auf Basis Open Source Rechtskonforme Newsletter L\u00f6sung Virtuelle Server und Systeme Content Management System Pollux Microsoft Authorized Educational Reseller und Partner Produkte PROUD Server emSec Email Client Verschl\u00fcsselung f\u00fcr Outlook &nbsp; Anticept Email Produkte Anticept<span class=\"ellipsis\">&hellip;<\/span><\/p>\n<div class=\"read-more\"><a href=\"https:\/\/www.polk.at\/extHTML\/wordpress\/produkte\/\">Weiterlesen \u203a<\/a><\/div>\n<p><!-- end of .read-more --><\/p>\n","protected":false},"author":1,"featured_media":0,"parent":0,"menu_order":0,"comment_status":"closed","ping_status":"closed","template":"full-width-page.php","meta":[],"yoast_head":"<!-- This site is optimized with the Yoast SEO plugin v15.5 - https:\/\/yoast.com\/wordpress\/plugins\/seo\/ -->\n<title>Produkte - Ing. B\u00fcro Polk - Ing. B\u00fcro Seiler<\/title>\n<meta name=\"robots\" content=\"index, follow, max-snippet:-1, max-image-preview:large, max-video-preview:-1\" \/>\n<link rel=\"canonical\" href=\"https:\/\/www.polk.at\/extHTML\/wordpress\/produkte\/\" \/>\n<meta property=\"og:locale\" content=\"de_DE\" \/>\n<meta property=\"og:type\" content=\"article\" \/>\n<meta property=\"og:title\" content=\"Produkte - Ing. B\u00fcro Polk - Ing. B\u00fcro Seiler\" \/>\n<meta property=\"og:description\" content=\"Anticept Email Produkte Internet Anwendungen auf Basis Open Source Rechtskonforme Newsletter L\u00f6sung Virtuelle Server und Systeme Content Management System Pollux Microsoft Authorized Educational Reseller und Partner Produkte PROUD Server emSec Email Client Verschl\u00fcsselung f\u00fcr Outlook &nbsp; Anticept Email Produkte Anticept&hellip;Weiterlesen \u203a\" \/>\n<meta property=\"og:url\" content=\"https:\/\/www.polk.at\/extHTML\/wordpress\/produkte\/\" \/>\n<meta property=\"og:site_name\" content=\"Ing. B\u00fcro Polk - Ing. B\u00fcro Seiler\" \/>\n<meta property=\"article:modified_time\" content=\"2015-08-31T17:57:51+00:00\" \/>\n<meta property=\"og:image\" content=\"http:\/\/www.anticept.net\/grafiken\/no_spam.jpg\" \/>\n<meta name=\"twitter:card\" content=\"summary\" \/>\n<meta name=\"twitter:label1\" content=\"Gesch\u00e4tzte Lesezeit\">\n\t<meta name=\"twitter:data1\" content=\"6\u00a0Minuten\">\n<script type=\"application\/ld+json\" class=\"yoast-schema-graph\">{\"@context\":\"https:\/\/schema.org\",\"@graph\":[{\"@type\":\"WebSite\",\"@id\":\"https:\/\/www.polk.at\/extHTML\/wordpress\/#website\",\"url\":\"https:\/\/www.polk.at\/extHTML\/wordpress\/\",\"name\":\"Ing. B\\u00fcro Polk - Ing. B\\u00fcro Seiler\",\"description\":\"Ingenieurb\\u00fcro f\\u00fcr innovative EDV Technik\",\"potentialAction\":[{\"@type\":\"SearchAction\",\"target\":\"https:\/\/www.polk.at\/extHTML\/wordpress\/?s={search_term_string}\",\"query-input\":\"required name=search_term_string\"}],\"inLanguage\":\"de\"},{\"@type\":\"ImageObject\",\"@id\":\"https:\/\/www.polk.at\/extHTML\/wordpress\/produkte\/#primaryimage\",\"inLanguage\":\"de\",\"url\":\"http:\/\/www.anticept.net\/grafiken\/no_spam.jpg\"},{\"@type\":\"WebPage\",\"@id\":\"https:\/\/www.polk.at\/extHTML\/wordpress\/produkte\/#webpage\",\"url\":\"https:\/\/www.polk.at\/extHTML\/wordpress\/produkte\/\",\"name\":\"Produkte - Ing. B\\u00fcro Polk - Ing. B\\u00fcro Seiler\",\"isPartOf\":{\"@id\":\"https:\/\/www.polk.at\/extHTML\/wordpress\/#website\"},\"primaryImageOfPage\":{\"@id\":\"https:\/\/www.polk.at\/extHTML\/wordpress\/produkte\/#primaryimage\"},\"datePublished\":\"2015-07-15T08:59:22+00:00\",\"dateModified\":\"2015-08-31T17:57:51+00:00\",\"inLanguage\":\"de\",\"potentialAction\":[{\"@type\":\"ReadAction\",\"target\":[\"https:\/\/www.polk.at\/extHTML\/wordpress\/produkte\/\"]}]}]}<\/script>\n<!-- \/ Yoast SEO plugin. -->","_links":{"self":[{"href":"https:\/\/www.polk.at\/extHTML\/wordpress\/wp-json\/wp\/v2\/pages\/54"}],"collection":[{"href":"https:\/\/www.polk.at\/extHTML\/wordpress\/wp-json\/wp\/v2\/pages"}],"about":[{"href":"https:\/\/www.polk.at\/extHTML\/wordpress\/wp-json\/wp\/v2\/types\/page"}],"author":[{"embeddable":true,"href":"https:\/\/www.polk.at\/extHTML\/wordpress\/wp-json\/wp\/v2\/users\/1"}],"replies":[{"embeddable":true,"href":"https:\/\/www.polk.at\/extHTML\/wordpress\/wp-json\/wp\/v2\/comments?post=54"}],"version-history":[{"count":40,"href":"https:\/\/www.polk.at\/extHTML\/wordpress\/wp-json\/wp\/v2\/pages\/54\/revisions"}],"predecessor-version":[{"id":113,"href":"https:\/\/www.polk.at\/extHTML\/wordpress\/wp-json\/wp\/v2\/pages\/54\/revisions\/113"}],"wp:attachment":[{"href":"https:\/\/www.polk.at\/extHTML\/wordpress\/wp-json\/wp\/v2\/media?parent=54"}],"curies":[{"name":"wp","href":"https:\/\/api.w.org\/{rel}","templated":true}]}}